 base 4, what is 12003 + 11?
12020
In base 4, what is 232 - 20?
212
In base 4, what is 323 - 22?
301
In base 15, what is ae0 - -5?
ae5
In base 9, what is 27173 - 0?
27173
In base 12, what is -4a + 1?
-49
In base 14, what is 131 + 6?
137
In base 9, what is -2 + 74?
72
In base 6, what is 4 - -101?
105
In base 12, what is 16 + -130?
-116
In base 4, what is -3 - 133310?
-133313
In base 8, what is 101 + -5?
74
In base 6, what is 0 + -242?
-242
In base 16, what is -348 - -1?
-347
In base 11, what is 83 + 4?
87
In base 13, what is 1 + 21a?
21b
In base 5, what is 0 + -33430?
-33430
In base 9, what is 3 - 1067?
-1064
In base 6, what is -3251 + 12?
-3235
In base 11, what is 302 + 11?
313
In base 4, what is 22 + 23?
111
In base 12, what is 20a - 18?
1b2
In base 11, what is -3 + -100?
-103
In base 16, what is a2 - -a?
ac
In base 6, what is 11 - -13?
24
In base 8, what is 11554 - -4?
11560
In base 9, what is 506 - 4?
502
In base 6, what is 12313 + -4?
12305
In base 4, what is -2313 + 1?
-2312
In base 16, what is -30 + -6?
-36
In base 8, what is -100 - -5?
-73
In base 5, what is 1 - 110?
-104
In base 5, what is 3 + -33?
-30
In base 6, what is 2 - -3321?
3323
In base 4, what is -1 + 21020?
21013
In base 14, what is c + b?
19
In base 15, what is -263 - -5?
-25d
In base 4, what is -1110 - -30?
-1020
In base 16, what is -1 - 6d?
-6e
In base 14, what is a7b - 1?
a7a
In base 16, what is ba + -51?
69
In base 12, what is 16 - -22?
38
In base 12, what is 11 + b?
20
In base 14, what is 5 - -2?
7
In base 7, what is 0 + 23?
23
In base 3, what is 12 - -2110?
2122
In base 16, what is 4 - -52?
56
In base 13, what is -4a + -b?
-58
In base 11, what is 3 - -272?
275
In base 10, what is -56 + 61?
5
In base 15, what is 50 + 21?
71
In base 5, what is 1422 + -33?
1334
In base 13, what is -169 - -4?
-165
In base 6, what is 10 - -312?
322
In base 16, what is -d7 + -7?
-de
In base 5, what is -310 + 0?
-310
In base 4, what is 12 - -101103?
101121
In base 14, what is -4 + 45b?
457
In base 13, what is 4 - a?
-6
In base 4, what is -22 - -102?
20
In base 15, what is -45 + 6b?
26
In base 3, what is 11101121 + 12?
11101210
In base 9, what is -356 + 1?
-355
In base 2, what is 110 - 10100111?
-10100001
In base 16, what is -38 - 2?
-3a
In base 12, what is 19 + -13?
6
In base 4, what is -2111 - -10?
-2101
In base 15, what is -d0 + 5?
-ca
In base 13, what is -83c - c?
-84b
In base 9, what is 3 - -212?
215
In base 2, what is 100001 - 111000?
-10111
In base 7, what is -1 + 65?
64
In base 16, what is 3 - 56?
-53
In base 7, what is 34 - 30?
4
In base 5, what is -102 + 23?
-24
In base 6, what is 224 - -4?
232
In base 10, what is 5 + -26?
-21
In base 7, what is -1 - -3?
2
In base 11, what is -6a50 - 4?
-6a54
In base 5, what is 0 + -134?
-134
In base 3, what is 11000 + -120012?
-102012
In base 15, what is 207b + -1?
207a
In base 13, what is 3 + -2c3?
-2c0
In base 12, what is -3 + -a3?
-a6
In base 9, what is -3 - -23?
20
In base 12, what is -28 - -2?
-26
In base 15, what is -16 - -34?
1d
In base 2, what is -10 + 1110101011?
1110101001
In base 8, what is -217 - 12?
-231
In base 8, what is -13 + 135?
122
In base 16, what is 65 + -3?
62
In base 16, what is 1e0 - 5?
1db
In base 12, what is 0 - -36a?
36a
In base 3, what is 2002021 + -12?
2002002
In base 16, what is 1a - d?
d
In base 12, what is -41 + 45?
4
In base 9, what is -1 - -1787?
1786
In base 4, what is -21 - -2133?
2112
In base 9, what is 1336 + -4?
1332
In base 11, what is -64 + 7?
-58
In base 12, what is -3 + 17?
14
In base 8, what is -3 + -517?
-522
In base 15, what is c - 5?
7
In base 15, what is 1 + 84?
85
In base 13, what is -64b1 - 3?
-64b4
In base 3, what is -120 + 1220122?
1220002
In base 3, what is -111 + 1201?
1020
In base 13, what is -5 + 25?
20
In base 3, what is -12 + 201212?
201200
In base 6, what is -2 + 11413?
11411
In base 16, what is -21a0 - 4?
-21a4
In base 6, what is -55 + 10?
-45
In base 12, what is 74 + 3?
77
In base 8, what is 27 + -4?
23
In base 6, what is 0 - 5?
-5
In base 14, what is -8 - -362?
358
In base 10, what is 9 + -74?
-65
In base 4, what is 3 - 212?
-203
In base 8, what is -226 - 4?
-232
In base 13, what is 5 + -442?
-43a
In base 11, what is 11 + -3?
9
In base 16, what is 7c - -16?
92
In base 6, what is -2342 + 5?
-2333
In base 11, what is -2 + -2aa?
-301
In base 13, what is 1 - 186?
-185
In base 7, what is 543 - 2?
541
In base 10, what is 469 - 14?
455
In base 6, what is -3 - 25?
-32
In base 3, what is 1001 + -110?
121
In base 16, what is -4 - -13?
f
In base 16, what is -9b - -4?
-97
In base 4, what is -3 - 1003?
-1012
In base 7, what is -1 - 13?
-14
In base 6, what is 1 - 25524?
-25523
In base 7, what is -44 + 11?
-33
In base 13, what is 7 + -92?
-88
In base 9, what is -307 + -14?
-322
In base 14, what is 60 - -3?
63
In base 13, what is 80 + -2?
7b
In base 10, what is -4 - 1?
-5
In base 4, what is 20 + 30?
110
In base 14, what is 0 + -3a4?
-3a4
In base 10, what is 3 - -55?
58
In base 10, what is 16 + -25?
-9
In base 9, what is -558 - 20?
-578
In base 13, what is 0 - c12?
-c12
In base 15, what is -27 + 2?
-25
In base 9, what is 28 - 1228?
-1200
In base 16, what is 5 + -16?
-11
In base 5, what is 3 + -12?
-4
In base 16, what is -29e - -b?
-293
In base 5, what is 2 - -442?
444
In base 5, what is 122242 + -10?
122232
In base 14, what is 4 + 12?
16
In base 3, what is 1 - -21010?
21011
In base 8, what is -2 + 1476?
1474
In base 5, what is 21 - 3334?
-3313
In base 11, what is 15 - 4a?
-35
In base 14, what is 3a - 8?
32
In base 7, what is -1553 + 2?
-1551
In base 7, what is -10 - -11?
1
In base 11, what is 4 - -119?
122
In base 11, what is 203 + -2?
201
In base 14, what is 2 - -105b?
105d
In base 5, what is 21 + 4?
30
In base 13, what is -7 - ba6?
-bb0
In base 6, what is -1 + 440?
435
In base 7, what is -6 - -1505?
1466
In base 13, what is -2 + 567?
565
In base 12, what is 16a + -3?
167
In base 13, what is 1 + -559?
-558
In base 12, what is -41b5 + 1?
-41b4
In base 13, what is 96 - 0?
96
In base 4, what is -31 - 3200?
-3231
In base 15, what is 4 - -35?
39
In base 5, what is -22331 - -2?
-22324
In base 8, what is 13 + -1?
12
In base 15, what is -9 - -6?
-3
In base 7, what is 10 + 1403?
1413
In base 7, what is 335 - -1?
336
In base 7, what is 3 - -154?
160
In base 9, what is -6 + -133?
-140
In base 9, what is -63 + -3?
-66
In base 4, what is 112 - -10121?
10233
In base 5, what is 134 - 2441?
-2302
In base 14, what is -1 + 4?
3
In base 2, what is -100 - -1000?
100
In base 3, what is 112210 - -10?
112220
In base 5, what is 232 + -32?
200
In base 13, what is 3 + 839?
83c
In base 11, what is 4 + 252?
256
In base 6, what is -54 - 414?
-512
In base 11, what is -41 + 403?
372
In base 3, what is -2 + 100212?
100210
In base 4, what is -122123 - -2?
-122121
In base 5, what is -14 - -131?
112
In base 9, what is 10 + 217?
227
In base 8, what is 137 - -6?
145
In base 8, what is 1200 + 5?
1205
In base 7, what is -13 + -1642?
-1655
In base 12, what is 7 + -6?
1
In base 5, what is -32341 + -10?
-32401
In base 16, what is -102d - 5?
-1032
In base 6, what is 112 + 30?
142
In base 10, what is 179 - -4?
183
In base 15, what is -1 - -22e?
22d
In base 15, what is -a + -17?
-22
In base 12, what is 2 + -900?
-8ba
In base 3, what is 10 + 120122?
120202
In base 6, what is -240535 - -1?
-240534
In base 2, what is 1 - 10100010011?
-10100010010
In base 13, what is 34 - 1?
33
In base 7, what is 104 - -24?
131
In base 12, what is -4 + -295?
-299
In base 5, what is 130341 - 10?
130331
In base 5, what is 1 + -104?
-103
In base 2, what is 1011 - 10000?
-101
In base 2, what is 101 - 1000101?
-1000000
In base 11, what is -1 + 72?
71
In base 8, what is 2 + -32?
-30
In base 14, what is 0 + -65?
-65
In base 4, what is 10 - -103332?
110002
In base 13, what is 4 - 44?
-40
In base 4, what is 3 + 222?
231
In base 15, what is -4 - -2633?
262e
In base 10, what is -5 + -449?
-454
In base 7, what is -65 - 0?
-65
In base 6, what is 5 + -53?
-44
In base 16, what is -1 + 3a0?
39f
In base 6, what is 2 - 4320?
-4314
In base 14, what is -180 + -4?
-184
In base 5, what is -200 + 14?
-131
In base 5, what is -10 + -11?
-21
In base 13, what is 4b - 3?
48
In base 4, what is 121 - -10?
131
In base 14, what is 4 + 61?
65
In base 16, what is 0 + -53?
-53
In base 13, what is -